 the greatest common factor of 286305997 and 43?
43
Calculate the greatest common divisor of 708 and 425186214.
354
What is the greatest common factor of 989996738 and 2253?
751
What is the greatest common divisor of 4026415 and 31861?
151
Calculate the highest common divisor of 109004 and 13056.
68
Calculate the highest common factor of 362933630 and 285.
95
What is the highest common factor of 1196 and 119601932?
92
Calculate the greatest common factor of 399618940 and 280.
140
What is the highest common factor of 25479447 and 21?
21
What is the highest common divisor of 7041531 and 547?
547
What is the highest common factor of 1363065 and 275?
55
Calculate the highest common factor of 292 and 177581771.
73
What is the greatest common divisor of 30231588 and 6096?
1524
What is the greatest common factor of 109045926 and 55242?
1782
What is the greatest common factor of 143490940 and 20?
20
Calculate the greatest common factor of 35 and 89903492.
7
What is the highest common divisor of 345911 and 614269?
1231
What is the greatest common divisor of 16114 and 184889734?
2302
Calculate the highest common factor of 249730 and 44200.
2210
Calculate the highest common divisor of 48 and 70319826.
6
What is the greatest common factor of 4815 and 2039400?
45
What is the greatest common divisor of 295056 and 2904116?
2732
Calculate the greatest common divisor of 1107 and 3793284.
27
Calculate the highest common divisor of 782 and 8094108.
34
Calculate the greatest common factor of 48 and 2222268.
12
Calculate the greatest common factor of 857257 and 773.
773
Calculate the greatest common divisor of 49574 and 833168972.
7082
Calculate the greatest common divisor of 525 and 479010.
105
Calculate the highest common factor of 9217786 and 15224.
346
Calculate the greatest common divisor of 3092 and 57045854.
1546
Calculate the greatest common divisor of 15719 and 143.
11
What is the greatest common divisor of 1196072730 and 1998?
1998
Calculate the greatest common factor of 2241 and 2808.
27
What is the greatest common divisor of 498097 and 1371644?
2503
Calculate the greatest common divisor of 14007 and 17822.
7
Calculate the greatest common divisor of 4294 and 1351565.
19
Calculate the highest common factor of 14873 and 1029017.
139
What is the highest common factor of 410381189 and 1983?
661
Calculate the greatest common divisor of 29698 and 778286.
62
What is the greatest common divisor of 12137214 and 96?
6
Calculate the highest common factor of 13255941 and 1426.
31
Calculate the greatest common divisor of 2340 and 3446235.
585
Calculate the greatest common factor of 3666 and 958918064.
1222
Calculate the highest common factor of 775360632 and 24.
24
Calculate the highest common factor of 8496819 and 1653.
57
What is the highest common divisor of 420773745 and 210?
105
What is the highest common divisor of 6368 and 450656?
32
Calculate the greatest common divisor of 14648 and 368031.
1831
What is the highest common factor of 801703 and 343?
7
Calculate the greatest common divisor of 256 and 106504.
8
Calculate the highest common factor of 2726994 and 190.
38
What is the greatest common factor of 2077137 and 2052?
513
Calculate the greatest common divisor of 9 and 337611438.
9
Calculate the greatest common factor of 2608863 and 6294.
3147
Calculate the greatest common divisor of 743879272 and 4696.
4696
What is the greatest common factor of 3898944 and 20160?
4032
Calculate the greatest common factor of 10260930 and 844.
422
Calculate the highest common divisor of 25242 and 73056358.
1202
Calculate the highest common divisor of 41175870 and 1870.
170
What is the highest common divisor of 49 and 13422353?
7
What is the highest common divisor of 620120 and 659925?
2095
Calculate the greatest common factor of 3976 and 387646.
14
What is the greatest common factor of 4304 and 27074312?
2152
What is the greatest common divisor of 43578 and 1137601?
269
Calculate the highest common divisor of 882 and 116172.
126
Calculate the highest common factor of 42957 and 1410615.
1161
What is the highest common divisor of 639140003 and 43?
43
Calculate the greatest common divisor of 3 and 580064586.
3
Calculate the greatest common divisor of 22641430 and 2058.
686
What is the greatest common factor of 61269631 and 92?
23
Calculate the greatest common factor of 2977 and 76161507.
229
Calculate the greatest common divisor of 648 and 272289438.
162
Calculate the greatest common divisor of 48 and 770360112.
48
Calculate the greatest common divisor of 40303656 and 101898.
5994
Calculate the highest common divisor of 20 and 358383210.
10
Calculate the highest common factor of 13912965 and 135.
135
What is the highest common divisor of 910720 and 6480?
80
What is the greatest common divisor of 27467310 and 1965?
15
What is the highest common divisor of 232039 and 799?
47
What is the highest common factor of 2023 and 833833?
119
What is the greatest common factor of 9496730 and 20?
10
What is the greatest common divisor of 20494112 and 42016?
3232
Calculate the greatest common factor of 6982184 and 1936.
968
What is the highest common divisor of 6 and 62200758?
6
Calculate the highest common factor of 134832729 and 102.
51
What is the greatest common factor of 18297 and 415188?
171
What is the highest common factor of 1784 and 706799838?
446
What is the greatest common factor of 2154 and 5196870?
6
What is the highest common divisor of 35 and 853940?
5
What is the highest common divisor of 2352 and 306054?
294
What is the greatest common factor of 1619118 and 60479?
307
What is the highest common divisor of 125076 and 5964?
84
Calculate the greatest common factor of 598158273 and 1623.
1623
What is the highest common factor of 1008100 and 3995?
85
What is the highest common factor of 363 and 104804634?
363
Calculate the greatest common divisor of 11559 and 316419919.
3853
Calculate the highest common factor of 66878919 and 295.
59
What is the greatest common factor of 60 and 6943368?
12
Calculate the highest common factor of 4921 and 1421984.
37
What is the highest common divisor of 6828 and 3828432?
12
What is the greatest common factor of 2520 and 213449880?
840
Calculate the greatest common divisor of 217000 and 336040.
1240
What is the highest common factor of 237384 and 29616?
24
What is the highest common divisor of 154520 and 272?
8
Calculate the greatest common factor of 214550 and 9850.
50
Calculate the highest common factor of 23 and 45989696.
23
What is the highest common factor of 9059840 and 192?
64
Calculate the highest common divisor of 1648088 and 17649.
53
What is the greatest common factor of 226107 and 946719?
333
What is the highest common divisor of 108012 and 363?
3
What is the highest common divisor of 7410621 and 386?
193
What is the greatest common divisor of 98 and 36222907?
49
Calculate the highest common factor of 97471152 and 288.
144
What is the highest common divisor of 38454345 and 2160?
135
Calculate the greatest common divisor of 876525 and 62205.
5655
What is the greatest common divisor of 81099489 and 3?
3
What is the highest common factor of 10582 and 13496527?
407
Calculate the highest common factor of 830 and 249890.
10
Calculate the greatest common divisor of 265972 and 2362773.
413
Calculate the greatest common factor of 4195 and 430206479.
839
Calculate the greatest common divisor of 130221 and 42361893.
10017
Calculate the greatest common divisor of 94000 and 10576.
16
What is the highest common divisor of 44019 and 178704?
657
What is the greatest common factor of 1870515 and 28368?
1773
What is the greatest common factor of 2773703 and 1670?
167
What is the greatest common divisor of 1400 and 656320?
280
Calculate the greatest common factor of 4505 and 3039005.
85
What is the greatest common divisor of 6880 and 148670?
10
Calculate the highest common divisor of 27090988 and 580.
116
Calculate the highest common divisor of 812754 and 3187593.
2349
Calculate the highest common divisor of 619517208 and 19632.
9816
What is the greatest common divisor of 3906 and 22101450?
1302
What is the greatest common factor of 68933998 and 763?
763
Calculate the highest common factor of 5115 and 14685.
165
What is the greatest common factor of 